 n(c) = 79*c. Is n(s) prime?
True
Suppose 27*u = 234598 + 304295. Is u a prime number?
False
Let b = -23 + 86. Let o = -53 + b. Is o a composite number?
True
Let v(h) = 20148*h - 77. Is v(2) prime?
False
Suppose 196*u - 197*u + 5273 = 0. Is u a composite number?
False
Suppose -5*g + 5*i = -24 - 1, -4*i = -3*g + 18. Suppose -g*t - 3*c = -0*c - 21, -c = -4*t + 21. Suppose -t*v = -3*v - 1131. Is v prime?
False
Let z = 1183 - 250. Let r be z/(-11) + 2/(-11). Is (-4322)/(-34) - (-10)/r a composite number?
False
Let u(x) = -x**2 - 4*x + 1. Let i be u(-2). Suppose i*y - 20 = -c, -y - 5 - 2 = -2*c. Suppose -4*f + r = -r - 940, -y*r + 470 = 2*f. Is f a prime number?
False
Suppose 7*k = 8*k - 1833. Suppose -3*t + 6*t - k = 0. Is t prime?
False
Let b(l) = -276*l**2 + 8*l - 1. Let n(k) = -552*k**2 + 17*k - 1. Let i(w) = -9*b(w) + 4*n(w). Is i(2) prime?
False
Suppose -6 = 5*w - 1. Let q(o) = -3*o - 1. Let y be q(w). Suppose -y*r - 9 = -55. Is r composite?
False
Suppose -8*q + 3*q + 28 = l, -2*q = l - 13. Suppose -3*n = j - 2 - 10, -j - 12 = -q*n. Suppose 4*m - 13573 = -j*m. Is m a prime number?
False
Let l = 1173 - 639. Suppose -5*k + l = k. Is k a composite number?
False
Let o = 1348 + -573. Let d = o - -24. Is d a prime number?
False
Let d = 1541 - -342. Is d prime?
False
Let n be (2 - -163)*7 - -2. Suppose 4*d = -3*j - 0*d + n, -3*d = -4*j + 1501. Is j a prime number?
True
Let h = -44 - -47. Let f(z) = 504*z - 15. Is f(h) prime?
False
Let q(l) = 156*l**2 - 20*l - 55. Is q(-3) a prime number?
True
Suppose 8770 = 16*j - 11*j. Is j a prime number?
False
Let l(x) = -149*x + 54. Is l(-11) a composite number?
False
Suppose p - 5 = -0. Suppose 0 = -2*y + p*y. Suppose y = -0*r - 3*r + 213. Is r a prime number?
True
Let d = -58 - -62. Suppose -202 = -4*v - d*f - 62, -5*v = -4*f - 175. Is v a composite number?
True
Suppose 3 = -3*g + 12. Suppose g*d = 4*r + d - 954, 0 = -2*r + 2*d + 476. Is r composite?
False
Let r be ((-10)/(-4))/(30/12 - 2). Let n(i) = 25*i**2 + 5*i - 15. Is n(r) a composite number?
True
Let i(b) = 9*b**2 + 3*b - 1. Let g = 1 + -5. Is i(g) composite?
False
Suppose 2*s = 5*s + 12. Is (-314)/(-8) - (-1)/s a prime number?
False
Suppose 0 = -x - 0*x + 2, -938 = -2*v + 3*x. Let g = -726 + v. Let j = g + 417. Is j a composite number?
False
Let x(v) = -1981*v**3 - 10*v**2 - 36*v + 8. Is x(-3) a composite number?
True
Let d(u) = 53*u**2 + 63*u - 159. Is d(11) a prime number?
True
Let m(v) = 18*v**3 + 4*v**2 - 6*v - 1. Let a(d) = -19*d**3 - 3*d**2 + 5*d + 2. Let y(s) = 6*a(s) + 5*m(s). Is y(-3) a composite number?
False
Let z be ((-63)/28)/(1/(-160)). Suppose 2*a + z = 4*i, -6*a = i - 3*a - 83. Is i prime?
True
Let o = -6 + 8. Suppose -o*b - 12 = -a, -2*b + 4*b = -a - 4. Suppose -4*t = a*l - t - 1629, -4*t - 20 = 0. Is l prime?
False
Suppose -16 = -4*q - 0. Let s be q/(-16) - (-75)/12. Is 758/s + 6/9 a prime number?
True
Suppose y - 5*y + 2380 = 0. Suppose -4*s = 3*c + 1750, 3*c - s + y = 2*c. Is (c/4)/5*-2 composite?
False
Suppose -19*d + 278099 = -26243. Is d a prime number?
False
Suppose -4*x - 23*p + 27*p = -76476, -p + 19123 = x. Is x prime?
True
Suppose -4*f = -4*r + 8, -17*f + 43 = 4*r - 14*f. Suppose 5*q + 4*d = 3290, q - 2*d - 687 = 3*d. Suppose 0 = -9*j + r*j + q. Is j composite?
False
Let c(g) = -2721*g. Let q be c(-1). Is 1/2 + q*(-4)/(-8) prime?
True
Suppose 7*i - 3292 = -429. Is i prime?
True
Suppose -20 = l - 4*r, 5*l - r + 3 = -2. Is 2/(-3) - (5924/(-12) - l) composite?
True
Let i = 4119 + -1898. Is i prime?
True
Suppose -3*h = -6*h + 3. Let r be -1 - (-10)/h - -1. Is 4/r - (-1899)/15 prime?
True
Is ((-6130900)/(-150))/(4*2/12) composite?
True
Let l(u) = -u**3 + 8*u**2 - 6*u + 7. Suppose -o = -3*o + 50. Let a be 14/(-84) - o/(-6). Is l(a) a prime number?
True
Is (2 + 19902/(-10))/((-32)/160) prime?
True
Suppose -844565 - 315672 = -31*r. Is r a composite number?
True
Let u(w) = 2*w**2 + 10*w + 5. Suppose -5*l = -4*a + 36, 7*l + a = 4*l - 25. Is u(l) a prime number?
True
Let a = 33769 - 23270. Is a a prime number?
True
Suppose -3*y + 1717 = -410. Let k = -290 + y. Is k prime?
True
Let d = -154 + 267. Let x = -11 + d. Let q = x + 77. Is q prime?
True
Suppose -4149 - 1001 = -10*a. Is a a composite number?
True
Let f(p) = -30*p - 3. Let s be f(1). Let n be 2 + (-3)/1 - s. Let b = n + -9. Is b composite?
False
Suppose 3*u - u = -2*b + 1404, -3*u - 5*b = -2110. Let t = u + -285. Is t composite?
True
Suppose -11995 + 124121 = 7*s. Is s prime?
False
Let j(h) = 14*h**3 - 4*h**2 + 2*h + 2. Let b be j(2). Suppose w + w - 102 = -3*u, u - b = -2*w. Let z = w - -2. Is z a prime number?
True
Suppose -5*y = -5*a + 2475, 4*a = 5*a + 2*y - 480. Let s = a + 281. Is s prime?
False
Let d(s) = 5*s**2 - 37*s - 95. Is d(39) composite?
False
Suppose 0 = -9*c + 4*c. Suppose c = -l - 5, -2*y - 3*l - 2*l - 391 = 0. Let f = y + 700. Is f prime?
False
Let k(b) = b - 3. Let m be k(7). Let u(i) = 7*i + 20. Let z be u(-4). Is 3/m + (-242)/z prime?
True
Let s = 5202 + -2357. Is s composite?
True
Let g = 935 + -1322. Let r = g + 548. Is r composite?
True
Let q(h) = 3*h - 2. Let w be q(-2). Let d = w + 14. Suppose 2*g + g + d = 3*f, 2*f = -g + 7. Is f prime?
True
Suppose 5*y - y - 2*f - 20 = 0, -f = 2*y - 2. Is y - (217*-1 - 3) composite?
False
Let l(k) = -21*k**3 - 8*k**2 - 11*k - 43. Is l(-6) composite?
False
Let u = -15 + 19. Let w(p) = 42*p**3 - 10*p**2 + 5*p - 5. Is w(u) a prime number?
True
Let v(r) = r**3 + 8*r**2 + 10*r + 9. Let l = 11 + -6. Let j = -1 - l. Is v(j) a prime number?
False
Let c(s) = 2*s + 2. Let q be c(-1). Suppose 4*z + 280 = 4*b, q*b + 286 = -4*z + b. Let r = 223 - z. Is r prime?
False
Suppose -3*i = -2*i - 232. Suppose -242 = -3*s + s - 4*n, -i = -2*s - 2*n. Is s a prime number?
False
Let p = -17931 - -31240. Is p a composite number?
False
Let d be (-6)/21 - (-344)/28. Let w = -9 + d. Suppose -w*g = 2*x - 2116, -3*x = -4*x + 4*g + 1069. Is x a composite number?
False
Suppose -1688 = -a - 7*a. Is a composite?
False
Let y be 877999/(-68) - (-2)/(-8). Is (-1 - -2)/((-16)/y) prime?
False
Let b(n) = -n**2 - 7*n + 5. Let j be b(-7). Let y(z) = -43*z**3 + 5*z**2 + 5*z - 4. Let d be y(j). Is 1/(-4) - d/36 a prime number?
False
Let p be (-10)/15 - (-1310)/3. Let z = p - 107. Is z prime?
False
Let v(a) = 7*a**3 + 10*a**2 - 9*a - 7. Let z(m) = -3*m**3 - 5*m**2 + 5*m + 3. Let x(t) = 2*v(t) + 5*z(t). Let p be x(-6). Is (5/p)/(2/(-94)) composite?
False
Let g be 5*(-2)/(-5)*-18. Let y be 24/g - (-17)/3. Suppose -v - 373 = -2*b + 4*v, 2*b = -y*v + 403. Is b a composite number?
True
Suppose -5*n = -2*i - i + 47616, 2*n = 2*i - 31748. Is i prime?
True
Let x(g) = g**2 + 2*g - 6. Suppose 2*b + 2*b - 72 = 0. Let d = 25 - b. Is x(d) prime?
False
Suppose 149*n = 141*n + 358088. Is n prime?
False
Let o = 35 + -32. Let i be 169*(1 + -4 + 4). Suppose -2*n + o*l + i = 0, l - 380 = -5*n - 0*n. Is n composite?
True
Suppose 0 = -k - 4*l + 3557, -5*l = 5*k - 9*k + 14228. Is k a prime number?
True
Is (-376)/(-470) + -2701*(-2)/10 composite?
False
Suppose -282 = 5*w + 413. Let r = 288 + w. Is r a prime number?
True
Suppose -4*a + 166 = -142. Let v be a*3*3/(-3). Is 42/v + 2609/11 a prime number?
False
Let x(p) = 211*p. Let k be x(-3). Let v be -4*(-1)/14 + (-17748)/(-14). Let c = k + v. Is c a prime number?
False
Let x(q) = 3*q**2 + 22*q + 1. Let h be x(-9). Suppose 4*r - 664 = -4*m, -h = 2*r + m - 375. Is r a composite number?
False
Let q(t) = 2*t + 16. Let m be q(-6). Suppose m*s - 834 - 442 = 0. Is s a composite number?
True
Is (-2816 - -12)*(1/(-4) - 0) prime?
True
Suppose 2*z = 4*c - 53117 - 7, 0 = 2*z - 2*c + 53118. Is z/(-48) - (-2)/(-8) prime?
False
Let r = -4635 - -12536. Is r a composite number?
False
Suppose 0 = 6*b - 8*b + 38. Let v = 50 - b. Let j = v - -82. Is j a prime number?
True
Suppose -m - 550 = -5*v, 3*m = -0*m - 15. Let x = 135 - 117. Let q = x + v. Is q prime?
True
Let s(z) be the second derivative of -z**4/12 - 4*z**3/3 + 9*z**2/2 + 3*z. Let j be s(-9). Suppose 0 = -3*y + 159 - j. Is y a prime number?
True
Let x be 218234/16 - (-24)/64. Let f = x + -7785. Is f prime?
False
Let m(o) = -o**3 + o**2 + 287. Let g be m(0). Let l = 241 + g. Suppose -x - l = -4*j + 3*x, j = -5*x + 102. Is j a prime number?
True
Suppose 0 = v - 6 + 1. Suppose -m + 13 = 3*j, m 